t z(k) = 640*k - 269. What is z(0)?
-269
Let r(p) = -p**2 + 233*p - 475. What is r(2)?
-13
Let s(u) = -2*u**3 - u**2 - 11*u + 13. Determine s(3).
-83
Let f(b) = 2*b**2 + 306*b + 3643. Give f(-140).
3
Let k(o) = -2*o**2 + 18*o - 46. Calculate k(4).
-6
Let n(r) = -2*r**3 + 196*r**2 + 189*r + 888. What is n(99)?
-3
Let k(n) = 3*n**3 + 48*n**2 + 44*n - 29. Calculate k(-15).
-14
Let m(z) = -32*z + 249. Give m(8).
-7
Let g(u) = -18*u**2 - 8*u - 8. Give g(-1).
-18
Let n(y) = -214*y + 47. What is n(0)?
47
Let s(p) = -p**2 + 11*p - 12. Determine s(6).
18
Let x(z) = 86*z - 336. Calculate x(4).
8
Let d(b) = -2*b**3 - 6*b**2 - 67*b - 420. What is d(-5)?
15
Let b(u) = -2*u**3 - 17*u**2 - 27*u - 32. What is b(-7)?
10
Let d(n) = -n**3 - 127*n**2 + 134*n + 762. Determine d(-128).
-6
Let n(a) = -25*a**2 + 702*a - 18. Calculate n(28).
38
Let u(q) = q**3 + 18*q**2 - 119*q - 699. What is u(-4)?
1
Let h(w) = 2*w**2 - 2054*w - 4113. Give h(-2).
3
Let s(v) = -v**3 + 48*v**2 + 102*v - 93. Determine s(50).
7
Let v(m) = -8*m - 312. Determine v(-4).
-280
Let t(a) = 45*a + 40. Determine t(9).
445
Let g(a) = 3*a**3 + 7*a**2 - 3*a - 30. What is g(2)?
16
Let w(h) = -9*h**2 + 425*h - 86. Calculate w(47).
8
Let r(t) = -1073*t - 7511. Calculate r(-7).
0
Let n(j) = 632*j**2 - 6*j - 3. What is n(-1)?
635
Let d(v) = v**2 - 21*v + 14. Calculate d(11).
-96
Let k(b) = 187*b**2 - 743*b - 25. Calculate k(4).
-5
Let h(j) = 2*j**2 - 18*j - 1469. Calculate h(-23).
3
Let j(f) = -2*f**3 - 12*f**2 + 45*f + 42. Determine j(-9).
123
Let n(y) = -5*y**3 + 73*y**2 - 217*y + 15. What is n(4)?
-5
Let d(h) = -185*h - 726. Give d(-4).
14
Let d(p) = -4*p**3 + 34*p**2 - 16*p - 177. Calculate d(7).
5
Let l(r) = -721*r - 13701. Give l(-19).
-2
Let n(w) = -5*w**2 - 17*w - 29. What is n(-3)?
-23
Let k(r) = -4*r**3 + 161*r**2 - 33*r - 34. Calculate k(40).
246
Let w(n) = n**3 + 144*n**2 + 562*n + 293. Calculate w(-140).
13
Let v(d) = -4*d - 531. What is v(-128)?
-19
Let s(w) = -2*w**3 - 234*w**2 + 230*w - 705. Determine s(-118).
3
Let s(y) = -34*y**2 - 2144*y - 151. Calculate s(-63).
-25
Let o(p) = -13*p**2 + 38*p - 49. Calculate o(6).
-289
Let i(w) = 2*w**3 + 223*w**2 + 2124*w + 347. Determine i(-101).
44
Let t(r) = r + 181. Calculate t(13).
194
Let t(i) = -9*i + 260. What is t(21)?
71
Let c(l) = -171*l - 1205. Determine c(-8).
163
Let r(d) = d**2 + 4*d - 341. What is r(-18)?
-89
Let z(c) = -c**2 - 20*c + 193. What is z(-38)?
-491
Let h(c) = 2*c**3 + 18*c**2 - 4. Calculate h(-9).
-4
Let q(o) = o**3 - 7*o**2 + 8*o - 127. Determine q(8).
1
Let r(p) = -p**2 - 101*p - 816. Calculate r(-9).
12
Let h(f) = f**3 + 15*f**2 - 158*f - 89. What is h(-22)?
-1
Let j(l) = 2*l**2 + 105*l + 135. What is j(-51)?
-18
Let q(d) = 2*d**3 - 66*d - 95. What is q(-5)?
-15
Let b(q) = 2*q**3 - 8*q**2 - 337*q + 1989. Determine b(6).
111
Let r(y) = -8*y**2 + 229*y + 38. Calculate r(29).
-49
Let l(f) = -119*f + 85. Calculate l(1).
-34
Let o(r) = -3*r**2 + 679*r + 2065. Calculate o(-3).
1
Let q(w) = -w**3 - 58*w**2 + 108*w - 724. Give q(-60).
-4
Let j(l) = l**3 - 24*l**2 - 4*l - 349. Determine j(25).
176
Let y(d) = -726*d + 138669. What is y(191)?
3
Let t(h) = -3*h**3 - 91*h**2 - 332*h + 176. Calculate t(-26).
20
Let f(o) = -o**2 + 41*o + 229. What is f(-6)?
-53
Let q(b) = 12*b**3 + 14*b**2 + 16*b - 6. Calculate q(-2).
-78
Let k(o) = -5*o + 198. Give k(39).
3
Let f(k) = -290*k + 1206. Calculate f(4).
46
Let n(v) = -v**3 + 45*v**2 + 3*v + 60. Determine n(45).
195
Let n(d) = -d**3 - 32*d**2 - 273*d - 38. Give n(-20).
622
Let w(g) = 2*g**2 - 2*g + 34. Determine w(3).
46
Let b(h) = h**3 + 13*h**2 - 14*h - 131. Calculate b(-9).
319
Let h(g) = g**3 - 56*g**2 - 60*g + 101. Give h(57).
-70
Let i(a) = 2779*a - 47245. Calculate i(17).
-2
Let r(h) = -6*h**2 + 59*h - 28. Calculate r(11).
-105
Let a(y) = -3*y**2 - 5*y + 222. Calculate a(-9).
24
Let h(i) = -i**2 - 163*i - 1095. What is h(-7)?
-3
Let d(x) = 33*x - 233. Give d(8).
31
Let t(c) = 122*c - 27. What is t(-4)?
-515
Let y(d) = -219*d - 519. Determine y(-3).
138
Let f(l) = 252*l + 2769. What is f(-11)?
-3
Let g(b) = 21*b**3 - b**2 - 9*b - 6. Determine g(-2).
-160
Let r(a) = -10*a**2 + 148*a + 384. Calculate r(17).
10
Let f(i) = -2*i**3 + 4*i**2 + 2*i - 7. Calculate f(3).
-19
Let b(i) = -i**3 - 32*i**2 + 4*i + 119. What is b(-32)?
-9
Let h(f) = 6*f**2 + 267*f - 133. Determine h(-45).
2
Let h(m) = -m**3 - 29*m**2 + 339*m - 14. Calculate h(9).
-41
Let z(o) = -o**3 + 9*o**2 + 26*o - 21. Give z(8).
251
Let n(o) = -4*o**2 - 82*o + 76. Calculate n(-24).
-260
Let l(h) = 103*h + 40. Calculate l(0).
40
Let c(y) = -72*y + 289. What is c(4)?
1
Let j(q) = q**3 - 14*q**2 + 38*q + 5. Give j(10).
-15
Let i(n) = -12*n**3 - 2*n**2 + 4*n + 1. Determine i(3).
-329
Let v(q) = 147*q + 582. Calculate v(-4).
-6
Let o(m) = -14*m**3 - 3*m**2 - 9*m - 8. Give o(-2).
110
Let c(g) = g**2 + 82*g - 624. Determine c(-89).
-1
Let g(h) = -17*h + 627. Determine g(40).
-53
Let w(y) = y**2 + 14*y - 47. Calculate w(-23).
160
Let r(g) = -g**3 + 22*g**2 - 108*g + 3. Calculate r(14).
59
Let x(r) = -10*r**3 - 4*r**2 - 21*r - 54. What is x(-3)?
243
Let w(x) = -22*x + 26. Determine w(8).
-150
Let y(j) = -6*j - 88. What is y(-22)?
44
Let i(q) = q**3 - 16*q**2 + 22*q + 3. Determine i(15).
108
Let b(p) = -14*p + 199. Determine b(15).
-11
Let t(x) = 112*x + 410. Determine t(-4).
-38
Let b(r) = 2*r**2 - 331*r - 3332. What is b(175)?
-7
Let r(j) = -4*j**2 + 32*j + 49. Determine r(8).
49
Let b(v) = v**3 + v**2 + 2*v - 23. What is b(-6)?
-215
Let v(i) = 33*i**2 + 7*i - 1. Determine v(1).
39
Let a(p) = 585*p - 1154. Determine a(2).
16
Let t(j) = 381*j + 4303. Calculate t(-11).
112
Let c(m) = m**3 + 3*m**2 - 5*m - 7. Determine c(3).
32
Let r(b) = -137*b + 7270. What is r(53)?
9
Let u(p) = p**3 - 2*p - 69. Give u(0).
-69
Let x(u) = 16*u - 383. What is x(23)?
-15
Let i(x) = -x**3 + 5*x**2 + 86*x + 9. Determine i(-7).
-5
Let x(f) = -4*f**2 - 112*f - 88. What is x(-28)?
-88
Let m(v) = v**3 - 29*v**2 + 202*v + 15. Give m(11).
59
Let p(i) = 17*i**2 - 3*i - 6. Give p(-1).
14
Let k(t) = 86*t - 1446. Determine k(17).
16
Let y(s) = s**3 + 64*s**2 - 655*s + 139. Give y(-73).
-7
Let z(k) = k**3 + 41*k**2 + 86*k + 7410. What is z(-43)?
14
Let l(n) = 272*n - 2418. Determine l(9).
30
Let t(x) = 2*x**3 + 9*x**2 + 243*x + 952. What is t(-4)?
-4
Let l(x) = -19*x + 1191. What is l(64)?
-25
Let v(d) = -6*d**2 + 493*d - 294. What is v(81)?
273
Let x(u) = 180*u - 2032. What is x(12)?
128
Let s(z) = 55*z + 3014. Determine s(-55).
-11
Let v(x) = -19*x + 248. Calculate v(14).
-18
Let m(c) = c**2 - 18*c + 73. Determine m(11).
-4
Let u(z) = z**2 + 50*z + 614. Calculate u(-23).
-7
Let p(x) = -x**2 + 146*x - 276. What is p(2)?
12
Let u(l) = l**3 - 15*l**2 + 2. What is u(15)?
2
Let q(r) = -2*r**3 - 82*r**2 - 696*r + 9. Calculate q(-29).
9
Let x(a) = 2*a**2 + 454*a + 57. What is x(0)?
57
Let k(r) = -461*r + 7835. What is k(17)?
-2
Let i(z) = -2*z**3 - 3*z**2 + 13*z + 9. Calculate i(-4).
37
Let y(d) = 22*d + 39. Calculate y(-7).
-115
Let x(g) = -2*g**3 - 23*g**2 + 44*g + 42. What is x(-13)?
-23
Let g(r) = -3*r**2 + 20*r - 43. What is g(3)?
-10
Let y(v) = v**2 - 220*v + 1040. Determine y(5).
-35
Let z(o) = o**3 - 7*o**2 - 18*o + 121. Determine z(6).
-23
Let n(o) = 2*o - 479. What is n(16)?
-447
Let r(v) = v**2 - 25*v + 92. Calculate r(19).
-22
Let a(i) = -4*i**3 + 179*i**2 + 66*i - 953. Determine a(45).
-8
Let w(f) = f**3 + 12*f**2 - 113*f - 6. Give w(5).
-146
Let q(i) = -2*i**3 - 15*i**2 + 9*i - 32. Determine q(-8).
-40
Let m(g) = -g**2 + 33*g + 42. Calculate m(35).
-28
Let o(i) = 132050*i - 132058. Give o(1).
-8
Let q(h) = -1206*h + 1219. Calculate q(1).
13
Let o(a) = a**3 - 25*a**2 - 95*a + 1864. Determine o(8).
16
Let o(v) = -8*v**2 - 50*v + 36. Determine o(-7).
-6
Let m(n) = 3*n**3 + 17*n**2 - 18*n - 93. Determine m(-9).
-741
Let u(g) = g**3 - 27*g**2 + 137*g + 53. What is u(20)?
-7
Let v(u) = 164*u - 1906. Determine v(6).
-922
Let r(u) = -365*u - 3257. Calculate r(-9).
28
Let i(z) = -4*z**2 - 30*z - 7. Calculate i(-3).
47
Let g(y) = -30*y**2 + 72*y + 32. What is g(3)?
-22
Let f(r) = -r**2 + 205*r - 7080. Give f(44).
4
Let f(r) = 43*r**2 - 8*r + 8. What is f(2)?
164
Let r(c) = -196*c**2 - 13721*c - 76. Give r(-70).
-6
Let h(m) = -m**3 - 8*m**2 - 23*m - 10. Determine h(-